{"id":24,"date":"2017-02-02T19:37:37","date_gmt":"2017-02-02T19:37:37","guid":{"rendered":"https:\/\/geoportal.gis.stronazen.pl\/?page_id=24"},"modified":"2021-01-06T11:19:22","modified_gmt":"2021-01-06T11:19:22","slug":"linki","status":"publish","type":"page","link":"https:\/\/geoportal.gis.stronazen.pl\/?page_id=24","title":{"rendered":"Linki"},"content":{"rendered":"<p>Linki do ciekawych stron internetowych:<\/p>\n<ul>\n<li style=\"list-style-type: none\">\n<ul>\n<li><a href=\"http:\/\/www.dotkadata.com\/\" target=\"_blank\" rel=\"noopener noreferrer\">Zdj\u0119cia lotnicze dla Holandii<\/a><\/li>\n<\/ul>\n<\/li>\n<\/ul>\n<p>&nbsp;<\/p>\n<ul>\n<li style=\"list-style-type: none\">\n<ul>\n<li><a href=\"http:\/\/lw1944.flyfotoarkivet.dk\/Default.aspx\" target=\"_blank\" rel=\"noopener noreferrer\">Fotoplany Luftwaffe dla Danii<\/a><\/li>\n<\/ul>\n<\/li>\n<\/ul>\n<p>&nbsp;<\/p>\n<ul>\n<li style=\"list-style-type: none\">\n<ul>\n<li><a href=\"http:\/\/www.wwii-photos-maps.com\/\" target=\"_blank\" rel=\"noopener noreferrer\">Kolekcja zdj\u0119\u0107 lotniczych, map topograficznych i mikrofilm\u00f3w z archiwum NARA &#8211; kolekcja J. Calvina <\/a><\/li>\n<\/ul>\n<\/li>\n<\/ul>\n<p>&nbsp;<\/p>\n<ul>\n<li style=\"list-style-type: none\">\n<ul>\n<li><a href=\"http:\/\/www.450thbg.com\/real\/html\/target.shtml\" target=\"_blank\" rel=\"noopener noreferrer\">Zdj\u0119cia cel\u00f3w 450 Grupy Bombowej USAAF<\/a><\/li>\n<\/ul>\n<\/li>\n<\/ul>\n<p>&nbsp;<\/p>\n<ul>\n<li style=\"list-style-type: none\">\n<ul>\n<li><a href=\"http:\/\/ncap.org.uk\/\" target=\"_blank\" rel=\"noopener noreferrer\">National Collection of Aerial Photography: NCAP<\/a><\/li>\n<\/ul>\n<\/li>\n<\/ul>\n<p>&nbsp;<\/p>\n<ul>\n<li style=\"list-style-type: none\">\n<ul>\n<li><a href=\"http:\/\/www.dawnysopot.pl\/mapa\/index.php\" target=\"_blank\" rel=\"noopener noreferrer\">Projekt Dawny Sopot. Zdj\u0119cia lotnicze z 1933 roku<\/a><\/li>\n<\/ul>\n<\/li>\n<\/ul>\n<p>&nbsp;<\/p>\n<ul>\n<li style=\"list-style-type: none\">\n<ul>\n<li><a href=\"http:\/\/kontaminace.cenia.cz\/\" target=\"_blank\" rel=\"noopener noreferrer\">Czeski Geoportal z archiwalnymi zdj\u0119ciami lotniczymi<\/a><\/li>\n<\/ul>\n<\/li>\n<\/ul>\n<p>&nbsp;<\/p>\n<ul>\n<li style=\"list-style-type: none\">\n<ul>\n<li><a href=\"http:\/\/www.pbase.com\/dwerbil\/bomb_plot_gallery\" target=\"_blank\" rel=\"noopener noreferrer\">Zdj\u0119cia wykonane przez lotnik\u00f3w z 301 Grupy Bombowej<\/a><\/li>\n<\/ul>\n<\/li>\n<\/ul>\n<p>&nbsp;<\/p>\n","protected":false},"excerpt":{"rendered":"<p>Linki do ciekawych stron internetowych: Zdj\u0119cia lotnicze dla Holandii &nbsp; Fotoplany Luftwaffe dla Danii &nbsp; Kolekcja zdj\u0119\u0107 lotniczych, map topograficznych i mikrofilm\u00f3w z archiwum NARA &#8211; kolekcja J. Calvina &nbsp; Zdj\u0119cia cel\u00f3w 450 Grupy Bombowej USAAF &nbsp; National Collection of Aerial Photography: NCAP &nbsp; Projekt Dawny Sopot. Zdj\u0119cia lotnicze z 1933 roku &nbsp; Czeski Geoportal&#8230; <\/p>\n<div class=\"read-more navbutton\"><a href=\"https:\/\/geoportal.gis.stronazen.pl\/?page_id=24\">Read More<i class=\"fa fa-angle-double-right\"><\/i><\/a><\/div>\n","protected":false},"author":1,"featured_media":0,"parent":0,"menu_order":2,"comment_status":"closed","ping_status":"closed","template":"","meta":{"footnotes":""},"_links":{"self":[{"href":"https:\/\/geoportal.gis.stronazen.pl\/index.php?rest_route=\/wp\/v2\/pages\/24"}],"collection":[{"href":"https:\/\/geoportal.gis.stronazen.pl\/index.php?rest_route=\/wp\/v2\/pages"}],"about":[{"href":"https:\/\/geoportal.gis.stronazen.pl\/index.php?rest_route=\/wp\/v2\/types\/page"}],"author":[{"embeddable":true,"href":"https:\/\/geoportal.gis.stronazen.pl\/index.php?rest_route=\/wp\/v2\/users\/1"}],"replies":[{"embeddable":true,"href":"https:\/\/geoportal.gis.stronazen.pl\/index.php?rest_route=%2Fwp%2Fv2%2Fcomments&post=24"}],"version-history":[{"count":19,"href":"https:\/\/geoportal.gis.stronazen.pl\/index.php?rest_route=\/wp\/v2\/pages\/24\/revisions"}],"predecessor-version":[{"id":139,"href":"https:\/\/geoportal.gis.stronazen.pl\/index.php?rest_route=\/wp\/v2\/pages\/24\/revisions\/139"}],"wp:attachment":[{"href":"https:\/\/geoportal.gis.stronazen.pl\/index.php?rest_route=%2Fwp%2Fv2%2Fmedia&parent=24"}],"curies":[{"name":"wp","href":"https:\/\/api.w.org\/{rel}","templated":true}]}}